6*l**2 + 10*l + 71. What is x(-5)?
-4
Let o(y) = 8*y**2 - 2*y + 2. Give o(1).
8
Let d(u) = u**3 - 5*u**2 - 7*u + 14. What is d(6)?
8
Let t(v) = 2*v**2 - 5*v + 5. Give t(6).
47
Let h(w) = -w**3 - w**2 + 7*w. Determine h(3).
-15
Let w(b) = b**2 - 27*b + 3. What is w(27)?
3
Let j(x) = -x**3 - 2*x**2 + 29*x + 79. Give j(-4).
-5
Let k(y) = y**3 - 2*y - 26. Give k(0).
-26
Let h(x) = x**3 - 12*x**2 - 10*x - 30. What is h(13)?
9
Let m(j) = j**2 + 5*j - 40. Determine m(-5).
-40
Let y(i) = 30*i - 361. Determine y(12).
-1
Let t(q) = q - 17. Give t(3).
-14
Let l(v) = -v**3 - v**2 + 1. Give l(-2).
5
Let n(i) = -i**3 - 8*i**2 + 8. Determine n(-6).
-64
Let t(b) = -4*b + 20. Calculate t(4).
4
Let i(t) = -35*t - 2. Give i(-2).
68
Let z(n) = 3*n**2 + 9*n + 6. Give z(-7).
90
Let h(j) = -j**2 - 16*j + 2. Calculate h(-13).
41
Let g(x) = 22*x + 680. Determine g(-31).
-2
Let f(w) = 4*w + 3. Give f(-6).
-21
Let w(b) = b**2 + 11*b - 14. Give w(-12).
-2
Let l(a) = -a**3 - 10*a**2 - 10*a - 9. Calculate l(-9).
0
Let l(x) = x + 19. Determine l(-11).
8
Let c(g) = g**3 - 20*g**2 + 52*g - 22. Calculate c(17).
-5
Let i(a) = -29*a + 16. Determine i(1).
-13
Let z(c) = c**2 - 27*c + 33. Determine z(24).
-39
Let q(k) = -k**3 + 9*k**2 - k - 10. Give q(9).
-19
Let z(n) = n**3 + 13*n**2 + 11*n - 10. What is z(-12)?
2
Let b(k) = -2*k + 41. Give b(19).
3
Let c(h) = -h - 5. Determine c(2).
-7
Let x(c) = 2*c**2 + 9*c + 14. What is x(0)?
14
Let v(g) = 11*g**2 - 55*g - 6. Give v(5).
-6
Let q(p) = 42*p + 366. Determine q(-9).
-12
Let j(t) = 3*t**2 - 3*t - 1. Determine j(-1).
5
Let q(b) = -b**3 - 13*b**2 + 15*b + 4. What is q(-14)?
-10
Let z(n) = -2*n**2 - 19*n - 6. Determine z(-10).
-16
Let u(t) = 24*t**3 - 2*t**2 + 2*t + 8. Calculate u(-2).
-196
Let c(n) = -10*n - 40. Determine c(-3).
-10
Let k(a) = 4*a - 194. What is k(47)?
-6
Let b(a) = -2*a + 13. Determine b(7).
-1
Let u(d) = d**3 - 5*d**2 + 4*d - 5. What is u(5)?
15
Let q(n) = n**2 - 15*n + 4. Determine q(15).
4
Let i(g) = -g**2 - 14*g - 29. Give i(-17).
-80
Let a(j) = 6*j**2 + 26*j - 11. Give a(-5).
9
Let q(y) = -y**2 - 9*y + 50. Give q(-7).
64
Let x(r) = r**2 - 9*r + 31. What is x(9)?
31
Let c(m) = m + 18. Determine c(-13).
5
Let z(i) = -i**3 + 6*i**2 - 5*i + 5. Give z(4).
17
Let g(m) = -m**2 + 19*m + 57. Calculate g(22).
-9
Let o(n) = -n**2 + 43*n - 1. What is o(43)?
-1
Let n(r) = r**3 + 4*r**2 - 4*r - 4. Calculate n(-5).
-9
Let z(o) = -14*o - 148. Give z(-11).
6
Let k(y) = -y**2 + 9*y + 4. Determine k(9).
4
Let v(f) = -f**3 - 4*f**2 - f - 5. Calculate v(-4).
-1
Let c(v) = 3*v**2 + 17*v - 5. What is c(-6)?
1
Let o(r) = r**2 - 49*r + 147. Determine o(46).
9
Let w(p) = 3*p - 2. Calculate w(0).
-2
Let r(d) = d**3 + 22*d**2 + 22*d + 28. Give r(-21).
7
Let w(b) = -b**3 + 16*b**2 + 13*b + 24. Give w(17).
-44
Let a(j) = j**2 + 2*j - 17. What is a(-5)?
-2
Let v(m) = 4*m - 196. What is v(48)?
-4
Let d(b) = b**2 + 10*b + 13. Determine d(-9).
4
Let r(g) = g**2 + 4*g - 5. Determine r(-4).
-5
Let m(p) = 5*p - 56. Calculate m(10).
-6
Let r(a) = -a**2 - 9*a - 4. Calculate r(-5).
16
Let f(q) = q + 5. Give f(-5).
0
Let k(f) = 125*f + 119. What is k(-1)?
-6
Let s(y) = 3*y**2 + 165*y - 4. Determine s(-55).
-4
Let q(k) = 18*k**3 - 5*k**2 + 7*k - 1. What is q(1)?
19
Let w(h) = h + 13. Calculate w(2).
15
Let i(w) = 15*w - 234. Give i(17).
21
Let s(z) = 40*z + 763. Calculate s(-19).
3
Let n(a) = -a + 2. Give n(-3).
5
Let g(q) = 3*q**2 - 35*q - 12. Determine g(12).
0
Let z(m) = -23*m. Give z(-1).
23
Let m(d) = 6*d**3 - 30*d**2 + 28*d + 2. What is m(1)?
6
Let o(x) = x**2 - 15*x - 13. Calculate o(16).
3
Let f(t) = -t**2 + 1. What is f(5)?
-24
Let o(l) = -l**2 - 2*l + 13. Calculate o(-7).
-22
Let w(o) = o**2 + 26*o - 142. Calculate w(5).
13
Let r(i) = -i + 30. Calculate r(-14).
44
Let k(f) = f**3 - 4*f**2 + 2*f + 5. What is k(5)?
40
Let s(b) = -b - 1. Give s(-13).
12
Let i(q) = q**2 + 3*q. Determine i(-5).
10
Let y(j) = 92*j - 8. What is y(1)?
84
Let a(m) = m**3 - 2*m**2 - 10*m - 6. Give a(-3).
-21
Let j(k) = -k**3 + 2*k**2 + 3*k + 4. Determine j(0).
4
Let i(w) = 68*w - 678. Calculate i(10).
2
Let q(c) = 7*c**3 + c**2 - 2*c + 2. What is q(1)?
8
Let q(s) = -s**3 + 3*s**2 + 13*s - 13. Calculate q(5).
2
Let w(u) = -u + 7. What is w(17)?
-10
Let g(u) = -u**3 + 13*u**2 - 26*u + 36. Give g(11).
-8
Let m(k) = -k**3 - 7*k**2 - 7*k - 4. Calculate m(-6).
2
Let u(n) = 5*n**2 - 20*n + 4. Give u(4).
4
Let l(d) = 15*d - 7. Calculate l(5).
68
Let q(j) = -2*j + 2. Calculate q(-6).
14
Let s(q) = -2*q + 29. What is s(11)?
7
Let a(x) = -x**3 - 3*x**2 + x + 11. What is a(-4)?
23
Let p(q) = -3*q + 9. Calculate p(4).
-3
Let l(o) = -o**3 + 5*o**2 + o + 1. What is l(4)?
21
Let a(j) = -21*j**2 + 20*j - 1. Calculate a(1).
-2
Let z(l) = l + 13. Determine z(-6).
7
Let t(o) = o - 10. Determine t(-16).
-26
Let i(a) = 2*a**2 + 16*a + 35. What is i(-3)?
5
Let t(p) = -p**3 + 5*p**2 - 2*p - 7. Give t(3).
5
Let c(t) = t**2 + 129*t - 672. Give c(5).
-2
Let q(s) = 8*s**2 - 27*s + 21. Give q(2).
-1
Let y(q) = q**3 - 6*q**2 + 7. What is y(5)?
-18
Let u(j) = 64*j**2 + 3*j - 3. Calculate u(1).
64
Let i(k) = 81*k + 568. Give i(-7).
1
Let v(s) = 11*s - 2. Calculate v(2).
20
Let d(r) = 15*r + 120. Calculate d(-8).
0
Let a(c) = c**3 - 12*c**2 + 9*c + 12. Give a(11).
-10
Let w(j) = -33*j**2 - 2*j + 1. Determine w(1).
-34
Let a(r) = -r**3 + 16*r**2 + r - 9. Determine a(16).
7
Let b(k) = -k**3 - 38*k**2 + 33*k - 222. What is b(-39)?
12
Let n(f) = -f**2 - 6. Give n(-6).
-42
Let a(p) = -p**3 - 2*p**2 - 6. Calculate a(4).
-102
Let p(o) = -o**3 - 8*o**2 + o + 10. Determine p(-8).
2
Let p(f) = 3*f**2 - f - 1. Give p(3).
23
Let f(t) = -t**3 - 2*t**2 - 4*t - 3. Determine f(-5).
92
Let f(u) = u**2 - 8*u + 42. Determine f(7).
35
Let u(n) = -n**2 + n - 1. Determine u(4).
-13
Let h(c) = c + 36. Determine h(-15).
21
Let u(r) = -r**2 - 4*r + 5. What is u(-4)?
5
Let u(x) = -x**2 + 15*x - 11. What is u(9)?
43
Let j(f) = -f**2 - 21*f + 80. Give j(-24).
8
Let x(m) = -6*m + 1. Calculate x(0).
1
Let t(j) = -j + 36. Give t(-13).
49
Let x(d) = 2*d + 24. Give x(-4).
16
Let x(a) = -a**3 - a**2 - 7*a - 4. Give x(-3).
35
Let v(j) = j**3 - 13*j**2 - 89*j + 16. What is v(18)?
34
Let y(x) = x**2 + 17*x - 3. What is y(-17)?
-3
Let h(m) = -m**2 - 12*m + 1. Determine h(-12).
1
Let w(x) = -5*x - 30. Calculate w(-9).
15
Let z(y) = y + 11. Determine z(-6).
5
Let u(t) = 6*t**3 - 2*t**2 + 1. Give u(-1).
-7
Let i(g) = 5*g - 10. What is i(12)?
50
Let p(r) = r**2 + 7*r + 5. Determine p(-5).
-5
Let l(k) = 70*k + 19. Calculate l(0).
19
Let p(x) = x**3 + 6*x**2 - 14*x + 5. Calculate p(-8).
-11
Let a(x) = -x**3 - 11*x**2 + 2*x - 26. Calculate a(-11).
-48
Let c(y) = y**3 - 35*y**2 - 74*y - 1. Give c(37).
-1
Let l(p) = p**3 - 7*p**2 + 4*p + 2. Calculate l(6).
-10
Let k(g) = g + 15. Determine k(-4).
11
Let w(m) = 9*m + 10. What is w(-7)?
-53
Let r(t) = -24*t**3 - t**2 + 1. Calculate r(1).
-24
Let p(f) = f**3 - 25*f**2 + 47*f - 59. Determine p(23).
-36
Let z(s) = -s**2 + 3*s + 19. Calculate z(4).
15
Let v(j) = 2*j**2 + 49*j - 39. Calculate v(-28).
157
Let t(w) = -w + 7. Calculate t(-5).
12
Let r(i) = 10*i**2 - 5*i - 4. Determine r(2).
26
Let w(q) = -q**2 + 12*q + 6. Determine w(12).
6
Let p(t) = -5*t + 69. What is p(14)?
-1
Let x(g) = -g**3 - 11*g**2 - g + 76. What is x(-10)?
-14
Let j(u) = -40*u - 6. Give j(2).
-86
Let s(t) = 3*t**2 - 2*t - 1. Give s(4).
39
Let v(r) = 4*r**2 + 2*r + 3. Determine v(3).
45
Let q(t) = -t**3 - 16*t**2 - 14*t + 10. Determine q(-15).
-5
Let x(n) = 16*n + 240. Give x(-15).
0
Let d(p) = 10*p**2 + 5*p + 4. Give d(-3).
79
Let r(p) = -p**2 - 12*p - 22. Determine r(-9).
5
Let h(l) = -l**3 + 16*l**2 + 3*l - 11. Determine h(16).
37
Let v(m) = -2*m**3 - 5*m**2 + 9*m - 3. Calculate v(-5).
77
Let l(n) = -11*n + 7. Calculate l(-4).
51
Let h(u) = -u**3 + 30*u**2 - 88*u + 179. Determine h(27).
-10
Let o(c) = 2*c + 23. Calculate o(-5).
13
Let f(o) = -o**2 - 17*o - 21. Determine f(-17).
-21
Let q(u) = -u**2 + 2*u + 37. What is q(7)?
2
Let f(w) = -2*w - 4. Calculate f(-12).
20
Let n(t) = -3*t + 13. Determine n(6).
-5
Let f(m) = -m**3 - m**2 + 3*m - 1. Calculate f(-4).
35
Let c(q) = 22*q - 50. What is c(0)?
-50
Let u(s) = -s - 13. What is u(-2)?
-11
Let y(m) = -3*m**2 + 16*m - 6. Determine y(5).
-1
Let s(o) = 4*o + 97. Calculate s(-27)